t**2 - t**3 - 2*t - l. Give k(2).
8
Let y(c) be the third derivative of -c**5/60 + c**4/12 - 2*c**3/3 - 3*c**2. Let j be (-1)/4 - 26/(-8). Give y(j).
-7
Let f(q) be the third derivative of 0*q - q**2 - 1/120*q**6 + 0 + 1/10*q**5 - 5/6*q**3 - 5/24*q**4. Suppose 0 = -3*m + 25 - 10. Calculate f(m).
-5
Let r(y) be the first derivative of -y**3/3 - 5*y**2/2 + 4*y - 9. Determine r(-5).
4
Let n(w) = 5*w - 4. Let u(o) = -27*o + 20. Let r(t) = -22*n(t) - 4*u(t). Let q(z) = z + 6. Let k be q(0). Calculate r(k).
-4
Let o(n) = n + 2. Let a(k) = k**2 - 4*k + 4. Let x be a(3). Let b be (0/x)/(-3 + 0). Let r be b/((2 - -1)/(-3)). Determine o(r).
2
Let m(n) = 51*n**2 - 50*n**2 - 14 + 4*n - 13*n. Determine m(10).
-4
Let x(r) = 2 + 10*r**2 - r + 5*r**3 + 17 - 7. Let s(z) = z**3 + 6 + z**3 + 3*z**2 + 2*z**2 - z. Let f(q) = -7*s(q) + 3*x(q). Determine f(4).
-6
Suppose 2*s - 2 = s. Let y(k) = -5*k**2 + 4*k**2 + k + s*k**2 + k - 4. Give y(-4).
4
Let v(a) = -a + 7. Let z(d) = d**2 - 5*d - 2. Let k be z(4). What is v(k)?
13
Let a(q) = -q**2 + q - 2. Let x be (1/2*(0 - 0))/2. What is a(x)?
-2
Let x(f) = -f**2 - 3*f + 1. Suppose -6*h + 4*o = -h - 41, 4 = 4*h + 4*o. Let g = h - 6. Let i = -5 - g. Calculate x(i).
-3
Let i(f) = -2*f**3 + 0*f**2 - 2*f**2 - 3 + 3*f**3 + 0*f**3. Determine i(3).
6
Let l = 34 - 19. Suppose 3*b = -2*b - l. Let f(r) = r**3 + 2*r**2 - 4*r - 1. Give f(b).
2
Let z = 5 + -3. Let d(j) = -4 + j**2 - j**2 - 2*j**z + 2*j + j**2. Give d(3).
-7
Let h be (-3)/9*3/(0 - 1). Let a(w) = -11*w + 1. What is a(h)?
-10
Let h(p) = 3*p + 26. Let s be h(-9). Let m(b) = -7*b + 1. What is m(s)?
8
Let w(r) be the second derivative of -r**6/72 - r**4/24 - r**3/2 - 2*r. Let k(q) be the second derivative of w(q). Calculate k(1).
-6
Let x = -2 - -2. Suppose x*j + 6 = 3*j. Let m(v) = 16*v - 24. Let u(r) = 3*r - 5. Let t(b) = 3*m(b) - 14*u(b). Give t(j).
10
Let x(q) = 5*q + 9. Let g(b) = -6*b - 10. Let c(o) = -6*g(o) - 7*x(o). Determine c(0).
-3
Let h(t) be the first derivative of -t**6/120 - t**5/12 + t**4/4 + t**3/6 - 2*t**2 + 1. Let d(r) be the second derivative of h(r). Calculate d(-6).
1
Let i = 6 - 6. Suppose 2*v - 4 = i, 3*w - 14 = -w + v. Let b(r) = 0 + w*r + r**2 - 4*r**2 + 6 + 2*r**2. What is b(6)?
-6
Let s be 2 + 5 - 5 - (-1 + 16). Let j(r) = r + 11. Calculate j(s).
-2
Let r(u) = -u**3 + 2*u**2 - 2. Suppose 0 = 4*k - 5*j + 2*j + 1, -5*k + 13 = j. Calculate r(k).
-2
Let y(l) be the third derivative of -1/8*l**4 + 0 + 1/60*l**5 + 1/120*l**6 + 1/3*l**3 + l**2 + 0*l. Suppose -4*g = -4*s - 2 - 10, -4*g = -20. Calculate y(s).
8
Let r = -2 - -5. Let c(v) = 0 - r*v + 3*v - 1 + 3*v. Determine c(2).
5
Let k(d) = -d**3 + 2*d**2 + 5*d - 4. Let l(v) = v**2 + v - 1. Let f be 16/10*(-5)/(-2). Let q(h) = f*l(h) - k(h). Suppose 0*j + 3 = -j. What is q(j)?
-6
Let q(d) = d**3 - 5*d**2 - 6*d. Let r be q(6). Let m(t) be the second derivative of r + 2*t + t**2 - 1/3*t**3 - 1/12*t**4. Give m(2).
-6
Let s(n) = 0*n**3 + 0*n + 11 - 5*n**2 + 12*n**2 + 6*n - n**3. What is s(8)?
-5
Let c(z) = z + 2. Let j = -2 + 4. Let b(v) = v**3 - 6*v**2 + 5*v + 7. Let a be b(5). Suppose 3*o - 10 = 4*m, m - a = j*o - 6*o. Give c(o).
4
Let o(n) = -5*n**2 + 0*n**2 + 4*n**2 + 7*n + 6. Give o(6).
12
Let a(b) = 3*b - 3*b - 47 + 42 - b. Calculate a(-3).
-2
Let a(w) be the first derivative of 2*w**3/3 + w**2/2 - w - 4. What is a(1)?
2
Let j(p) = 34*p - 36*p + p**3 + 2 - 3*p**3 + 3*p**2. Determine j(2).
-6
Let p(m) = -m**2 - 9*m - 9. Let b(q) = -q - 3. Let r be b(3). Calculate p(r).
9
Let h be 1 + 2*1/(-2). Suppose -3 = -3*b + m, h = -2*m + 6*m - 12. Let r(s) = -2*s**2 + 1 + b - 1. Calculate r(2).
-6
Let i(m) = -m + 5. Let l(p) = 3*p - 15. Let d(j) = -7*i(j) - 2*l(j). Give d(-5).
-10
Let v(m) = m**2 + 5*m - 1. Let l(z) = 3*z**2 + 15*z - 4. Let k(x) = -2*l(x) + 7*v(x). Calculate k(-3).
-5
Let j(y) = y + 8. Let s(k) = 5*k - 1. Let i be (0 - (0 + 1))*-1. Let n be s(i). Suppose -3*u = -0*u + n*h, 0 = 4*u + 2*h. Give j(u).
8
Let t(s) be the third derivative of s**8/20160 - s**7/840 + s**6/240 + s**5/15 + 4*s**2. Let p(a) be the third derivative of t(a). Give p(4).
-5
Let f(t) be the second derivative of 0 + t**3 + 0*t**2 - t + 1/2*t**4 + 1/20*t**5. What is f(-5)?
-5
Let g(j) be the second derivative of -1/12*j**4 - 7/6*j**3 - 5*j + 3*j**2 + 0. Calculate g(-7).
6
Suppose -2*f - 3*f - m = -7, 2*f + 2 = -2*m. Suppose -3*v - u - 2 + 7 = 0, -v + f*u = -11. Let o(c) = -c**v + 4*c - c**2 + 3*c + 5 - 3*c**2. Give o(-5).
-5
Let z(g) be the third derivative of -3*g**2 - 1/24*g**4 + 0*g + 0 - 1/2*g**3. What is z(-6)?
3
Let k = 13 + -10. Suppose -k*b = b. Let h(u) = -u + 3. Give h(b).
3
Let k(u) = u**3 + 4*u**2 - 3*u + 6. Let o be 2/(-12)*-3*-2. Let n = 4 + o. Suppose -8*y = -n*y + 25. Determine k(y).
-4
Let n(b) be the third derivative of -b**6/120 + b**5/20 + b**4/6 - b**3/6 + 13*b**2. Calculate n(4).
-1
Suppose -2*b - d = -4 + 2, -2*b - 3*d - 6 = 0. Let c(g) = -b - 3*g + 2*g - g + 4*g. What is c(4)?
5
Let h(f) = 2*f**3 - 3*f**2 + 9*f - 3. Let x(l) = l**3 - 2*l**2 + 5*l - 2. Let j(r) = 6*h(r) - 10*x(r). Give j(-2).
-14
Let q = 4 - 4. Let k be 1/((-3)/6) - q. Let x(v) = -4*v + 2. Give x(k).
10
Suppose 5*u + 7 = -3*l, 5*u + 2 + 4 = -4*l. Let d(q) = 9 - q + 8 - 15 + 3*q. What is d(u)?
-2
Let v(g) = 4*g**2 + 2*g + 3. Let z(j) = -j**2 - j - 1. Let q(x) = -2*v(x) - 7*z(x). Suppose 5*h - 18 = 2. Suppose t = 3*t + h. What is q(t)?
-9
Let f(s) = s**2 - 11*s - 8. Suppose -5*h = -h - 48. Let g be f(h). Let m(j) = -2*j. What is m(g)?
-8
Let m(a) = -2*a**2 + 1. Let r be m(-1). Let l = r + 2. Let v be (10/(-8))/(l/4). Let b(i) = -i**2 - 6*i - 5. Give b(v).
0
Let u(c) be the second derivative of c**3/6 - 3*c**2 - c. Let f be -1 + (2 - 2 - -1). Suppose f*s + 3*s - 15 = 0. What is u(s)?
-1
Suppose 3 = -6*h + 33. Suppose 4*p = -d + 7, 5*d = 5*p + 1 + 9. Let x(c) = -d - 1 + c + h. Calculate x(-5).
-4
Let o = 51 - 29. Suppose 16 = u - 5*m, u - 6*u - 4*m = -o. Suppose -2*i = 2 - u. Let f(d) = d**2 + d - 2. Calculate f(i).
4
Let y(l) = -4*l - 10. Let z(n) = n + 3. Let d(a) = 4*y(a) + 14*z(a). Let s(k) = -k + 2. Let r(c) = -4*d(c) + 5*s(c). What is r(2)?
8
Let q(x) = 5*x**3 + x**2 + x + 1. Let n be q(-1). Let f(k) = -4*k**2 + 2*k + 6. Let b(i) = -5*i**2 + i + 7. Let y(d) = n*f(d) + 3*b(d). Determine y(5).
-3
Let z(w) = w - 9. Suppose -2*s = 2 - 16. Give z(s).
-2
Let w(a) = -7*a + 3*a + a**3 - 5 + 4*a**2 - 1. Let d be (-23)/5 + (-8)/20. Give w(d).
-11
Suppose -4*p = -6*p. Let n(w) = p*w - 6 + 6*w + 7. What is n(1)?
7
Let h(v) = 7*v - v**2 - v**3 + 4430 - 4438 + 7*v**2. Determine h(7).
-8
Let d(l) = l + 2. Suppose 0 = -3*j + 5*j + 4. What is d(j)?
0
Let v(g) = 2*g + 4. Let f = 4 + -2. Suppose 2*o = -0 + f. Suppose b + o = -4. What is v(b)?
-6
Let w(t) be the second derivative of t**5/120 + t**4/6 + t**3/3 - t. Let q(x) be the second derivative of w(x). Let n = 2 - 2. Calculate q(n).
4
Let w(z) = -4 + 5*z + z**2 - 15*z + 14*z - 2. What is w(-5)?
-1
Let c(x) = -3*x - 11. Let a be c(-6). Let k(d) = -d + 10. Calculate k(a).
3
Let g = 9 - 6. Let t(f) = 82 - f - 83 - 3*f**2 + 4*f**2. Give t(g).
5
Let d(l) be the third derivative of -1/120*l**6 + 1/6*l**3 + 1/4*l**4 - 2*l**2 + 1/12*l**5 + 0*l + 0. Let t be 2/2*10 + -4. Give d(t).
1
Let f(z) = -z**2 - 3*z + 1. Let k(b) = b**2 + 3*b. Let p(r) = 3*f(r) + 4*k(r). Suppose -2*l = -9*l - 14. Determine p(l).
1
Let n be (8 - 5)*(-2)/(-2). Let x(s) = 0 + n*s - 1 - 12*s. Let w(i) = -i - 5. Let h be w(-4). What is x(h)?
8
Let f(v) = v**3 + v**2 + v. Let d(c) = 2*c**3 + 12*c**2 + 13*c + 1. Let i(h) = -d(h) + 3*f(h). Give i(10).
-1
Let w(v) = v**3 + 18*v**2 + 29*v - 46. Let u be w(-16). Let h(k) = 3*k**2 - 2*k + 3. Determine h(u).
11
Suppose 5*h - 5*a - 5 = 0, 5*h + 2*a = 13 + 20. Let p(l) = 0 + l**2 + h + 5*l - 4 + 1. Let r be p(-3). Let z(q) = q**3 + 3*q**2 - 5*q - 5. Give z(r).
-1
Let f(y) = y**3 - 2*y**2 - 7*y + 5. Suppose s = 5*j + 38, s - 20 = 2*j - s. Suppose -3 + 0 = o. Let n = o - j. Determine f(n).
9
Let b(j) = 9*j - 7. Let x(a) = 17*a - 13. Let u(z) = 11*b(z) - 6*x(z). What is u(-4)?
13
Suppose -3*v + 6*v - 27 = -4*g, -23 = -g - 4*v. Let b(y) = -y**3 + 3*y**2 - 2*y + 4. Let m be b(g). Let d = -2 - m. Let f(i) = -i**3 - i**2 - 1. What is f(d)?
-1
Let q(v) be the second derivative of -v**5/10 - v**4/6 - v**3/6 -